68, -5*i + 5*s - 3 + 303 = 0. Let p(z) = -z**3 - 9*z**2 + 4. Let d be p(-9). What is the highest common factor of i and d?
4
Let v = 435 + 1582. Suppose 3*y + 0*b = 2*b + 2005, b - v = -3*y. What is the highest common divisor of 61 and y?
61
Suppose -382*j = -376*j - 1092. Suppose 2*k + 3*k + 100 = 0. Let t = k + 33. Calculate the greatest common factor of j and t.
13
Let r be (0 - 3/3) + 6. Suppose 127*l = 131*l - 20. Suppose -4*j - 1 = -l, -4*j = 4*z - 164. What is the greatest common divisor of r and z?
5
Let h = -142727 + 142742. Let r be (-93)/(-6) + (-1)/2. What is the greatest common factor of h and r?
15
Let g(y) = -351*y - 182. Let z be g(-9). Suppose -9*i + z = 709. Calculate the greatest common factor of i and 108.
36
Let b = 876 + -621. Let s(q) = -q**3 + 67*q**2 + 64*q + 357. Let k be s(68). Calculate the highest common divisor of k and b.
85
Suppose -1627 = -78*r + 1181. Let s be 18*(-3)/((-6)/14). What is the highest common divisor of r and s?
18
Let t = 3 + 17. Suppose 37*n = 2*n + 4725. Let l be n/(-90)*-10*28/6. Calculate the highest common factor of t and l.
10
Let j(i) be the first derivative of -6*i**2 + 36*i + 9. Let s be 38/(-8) + ((-168)/32 - -5). Let r be j(s). What is the greatest common divisor of 48 and r?
48
Suppose 0 = -c + 43 + 42. Suppose 2*n + 0 = -2, -2*n + c = 3*w. Let l = -91 - -149. What is the highest common factor of l and w?
29
Let c = -42 - -46. Suppose -393 = -c*w - 3*z, w + 2*z + z - 96 = 0. What is the highest common factor of w and 9?
9
Let t = 40 + 350. Suppose -5*a - a = -t. Suppose -79*o + 78*o + 2*w + 21 = 0, 5*o = 5*w + 85. What is the highest common divisor of o and a?
13
Suppose 14*a = 18*a + f - 10574, -5*a + f + 13222 = 0. Calculate the greatest common factor of 8 and a.
4
Suppose 0 = 7*u - 13*u + 270. Let y = 66 - 37. Suppose 5*q + 4 = y. Calculate the highest common divisor of u and q.
5
Suppose -78 = 3*o - 2*w, 2*o = -8*w + 6*w - 62. Let q be 57*(17/(-51) + o/(-6)). Calculate the highest common divisor of q and 13.
13
Suppose m + 2*n + 3*n - 25 = 0, -4*m + 3*n + 8 = 0. Let d = 10 - m. Calculate the highest common factor of d and 3.
1
Let q be (167973/(-118))/(1 + (-3)/2). What is the greatest common factor of 273 and q?
39
Let r = 109 - -1223. What is the highest common factor of r and 36?
36
Suppose -21*i + 5378 - 2698 = -i. What is the greatest common factor of i and 4?
2
Let b be ((-8)/6)/(1/(-42)). Let q be (-13438)/(-8) - (-21)/84. Suppose -15*t - q = -27*t. What is the highest common factor of t and b?
28
Let i be 3/6*2064/(6 - 2). Suppose -5*a + i = 243. Let m(z) = -3*z - 1. Let g be m(-1). Calculate the highest common factor of g and a.
1
Let f = -10 - -18. Suppose 0*r = -r + f. Let z(b) = 8*b**2 + 136*b - 392. Let g be z(3). What is the greatest common divisor of r and g?
8
Suppose 3448 = 3*i - 2*r, 2*i - 1508 = -4*r + 812. What is the greatest common divisor of i and 216?
72
Let p(o) = 5*o - 77. Let b be p(23). Suppose -10*u - 560 = -b*u. Let f be -2 + 3 + (-178)/(-2). Calculate the greatest common divisor of f and u.
10
Suppose 5*c - 41 = -4*s, 4*c = 4*s + s. Suppose 3*t = s + 5. Suppose -t*l + 261 = -x, 0 = l - 2*l + 2*x + 82. What is the highest common factor of 22 and l?
22
Let c(b) be the first derivative of -13*b**3/3 - 93*b**2/2 + 288. Let s be c(-7). Calculate the greatest common divisor of 826 and s.
14
Let h = 2 - 5. Let r be 2 - (h + 1 - -2). Let l be 1*(162/(-39) + 4)*-13. What is the highest common divisor of l and r?
2
Let i be (42/18)/(7/6). Suppose -19*w + 4*c = -18*w - 70, 5*c = -2*w + 101. Calculate the highest common factor of w and i.
2
Suppose 7*m + 40 = 12. Let v be -1 + (0 - m) + 507. Calculate the greatest common divisor of v and 306.
102
Let d be (1078/10 - -3)/(12/720). Suppose 1786 = -22*u + d. What is the highest common factor of 17 and u?
17
Let u(q) = -16*q + 6. Let c be u(-6). Suppose 3*w - 15 = 2*i + 7, 0 = 5*w - i - 32. What is the highest common factor of w and c?
6
Let c be 8*1/2*2. Let w = 60740 - 60712. What is the highest common factor of c and w?
4
Let o(f) = -25*f**3 + 79*f**2 + 442*f - 33. Let m be o(-6). Calculate the highest common divisor of m and 51.
51
Let s = 113 - 45. Suppose -4*t = 2*p - s, -3*t - 54 = -p - 0*t. Let o = 91 + -28. Calculate the highest common divisor of o and p.
21
Suppose -18 - 6 = -4*c. Suppose 2*y - 476 = -4*d, 3*y - 3*d - 59904 + 59154 = 0. Calculate the greatest common factor of c and y.
6
Let h(c) = -63 + 58 + 18*c - 48*c. Let d be h(-6). What is the highest common factor of 7 and d?
7
Suppose 5*z - 2796 = 3*l, 3*z - 849 = 5*l + 803. Calculate the highest common divisor of z and 516.
12
Let a = 82193 - 81725. Let p = 22 + 4. What is the highest common factor of a and p?
26
Suppose -3*s + 15 + 28 = -k, -k + 77 = 5*s. What is the highest common factor of s and 695?
5
Let a = 46 - 41. Suppose z = 4*z - 6, a*z - 29 = -n. Let q be n - (-1 - 5/(-5)). Calculate the highest common factor of 95 and q.
19
Let j(x) = -x**3 - 2*x**2 + 9*x - 3. Let c be j(-5). Let l(o) = 9*o**3 - 3*o + 9. Let m be l(3). What is the greatest common divisor of c and m?
27
Let a(u) = 74*u - 30. Let m be a(2). Let w = -108 + m. What is the highest common factor of w and 80?
10
Let d(l) = l**3 - l**2 - l - 4. Let v be d(3). Suppose -114*c + 1778 = -109*c - 2*y, -3*y = 27. Calculate the greatest common divisor of v and c.
11
Let o be (-16)/(-40) + 566/10. Let g be -4 + o + 6/1. Calculate the highest common divisor of 59 and g.
59
Let q = -8161 + 9652. What is the highest common divisor of q and 142?
71
Let n be (3 + (-85)/5)*15/(-3). Suppose 0 = -4*x - h + 204, -2*x - 4*h = -7*h - 88. Suppose -45*q = -50*q + x. What is the greatest common divisor of q and n?
10
Suppose 4*m - 4*q - 28 = 132, 0 = -5*m - 4*q + 182. What is the highest common divisor of m and 9538?
38
Let g(n) = 21*n**2 - 91*n + 582. Let z be g(6). What is the highest common factor of z and 8352?
72
Let y be 12/8*(-8)/(-3). Suppose -4*x + 8*x - 12 = 0, 0 = y*d + 2*x - 110. Suppose 39 = 2*v - 13. What is the greatest common divisor of v and d?
26
Suppose 4*o = 8*o - 80. Let q be (-1 + -8)*5*4/o. Let t be q/(-15) - 472/(-5). Calculate the greatest common divisor of t and 19.
19
Let y(u) = 127*u**2 + 524*u + 2129. Let g be y(-4). What is the greatest common factor of g and 767?
59
Let p(k) = 114*k**2 - 421*k + 4295. Let j be p(10). Calculate the greatest common factor of 5 and j.
5
Suppose -3*o = -49*o + 1434 + 3580. What is the highest common factor of o and 5450?
109
Let l = 46 + -46. Suppose 140 = y - 5*h, l = -y - 3*h + 124 - 0. Let q = -45 + y. Calculate the highest common factor of q and 34.
17
Suppose -4*l + 2*l = -6*t - 25134, 0 = 4*l - 3*t - 50241. What is the highest common divisor of l and 21?
21
Let p(l) = -l**2 - l + 4. Let s(n) = 9*n**2 + 5*n - 6. Let r(h) = -2*p(h) + s(h). Let a be r(7). What is the highest common divisor of 14 and a?
14
Suppose -a + 1 = -16. Suppose 0 = 4*l - 2*o - 324, 155*o - 150*o = 2*l - 130. Calculate the greatest common divisor of a and l.
17
Suppose 4*s = 2*z + 106 - 1420, -5*s - 3255 = -5*z. What is the greatest common divisor of z and 195?
15
Let p(w) = w**3 + 9*w**2 + 9*w + 13. Let o be p(-8). Suppose -o*x - 56 = -x. Let t be x/(-7) + (270/3)/3. Calculate the greatest common divisor of 80 and t.
16
Let k be (-9)/4*-1171 - ((-50)/40 - -2). What is the highest common divisor of 6 and k?
6
Let j(k) = 3*k**3 + 17*k**2 + 13*k + 8. Let r be j(5). Calculate the greatest common divisor of 7178 and r.
97
Suppose 12*c = 4*v + 10*c - 2274, -v = -c - 567. What is the greatest common divisor of 228 and v?
114
Let r be 46/4*(-72)/36. Let d be r/(-3) - 2 - 8/12. What is the greatest common divisor of 45 and d?
5
Let c = -158 + 203. Calculate the greatest common divisor of 5010 and c.
15
Suppose -5*h = -30394*s + 30392*s - 669, 2*h - 4*s = 274. Let p be (0 - 1)/((-2)/14). Calculate the greatest common divisor of p and h.
7
Let i = 38 - 284. Let m = i + 248. What is the greatest common divisor of 8 and m?
2
Let b(r) = -14 + 2*r - r - 17 + 8. Let w be b(36). What is the greatest common factor of 13 and w?
13
Let n = -11188 + 11502. What is the highest common divisor of 9263 and n?
157
Let y(d) = d**3 + 61*d**2 + 13*d + 1049. Let n be y(-61). What is the 